ite?
True
Is 2199051007 prime?
False
Is 6539492513 composite?
False
Is 3058906841 prime?
True
Is 8406568399 prime?
True
Is 13826100881 a composite number?
False
Is 1468498447 a composite number?
True
Is 35316659747 a composite number?
True
Is 11292865057 composite?
False
Is 5868891203 a prime number?
False
Is 373800629 a prime number?
True
Is 990937061 a prime number?
False
Is 181008977 a composite number?
False
Is 131957839117 a composite number?
True
Is 91529057 a prime number?
False
Is 2768875511 a prime number?
False
Is 6266194847 a composite number?
True
Is 108365160089 a prime number?
False
Is 1375546399 prime?
True
Is 54351198331 a composite number?
False
Is 115826393 a composite number?
False
Is 25498496665 a composite number?
True
Is 24935695797 prime?
False
Is 53099180887 prime?
True
Is 3531444413 a prime number?
False
Is 73345949 prime?
True
Is 879056051 prime?
True
Is 273980947 a composite number?
True
Is 511745987 composite?
True
Is 324331391 composite?
True
Is 1749337921 a prime number?
False
Is 579259097 composite?
False
Is 2770802299 a composite number?
False
Is 840350429 composite?
True
Is 507130201 a prime number?
True
Is 220704503 a composite number?
False
Is 3957308587 a prime number?
False
Is 6763369499 prime?
False
Is 39323899 prime?
False
Is 661190837 a prime number?
False
Is 53920222333 composite?
False
Is 54320763529 prime?
True
Is 10501833467 a composite number?
False
Is 14246367533 a prime number?
False
Is 5466193307 composite?
True
Is 914713601 composite?
True
Is 6583648003 a prime number?
False
Is 11018476289 a prime number?
False
Is 128244287 prime?
True
Is 2623641437 prime?
True
Is 60412673 a prime number?
True
Is 9823323229 a composite number?
True
Is 73983877571 a composite number?
False
Is 1277138363 prime?
True
Is 227446188833 composite?
False
Is 33224536349 composite?
True
Is 8552401349 composite?
False
Is 48799424789 prime?
False
Is 7690254557 prime?
False
Is 16265242183 prime?
True
Is 28350650497 prime?
False
Is 1272737783 a prime number?
True
Is 25108313921 a prime number?
True
Is 14387283021 a prime number?
False
Is 9796010579 composite?
True
Is 6324670519 composite?
True
Is 129937118449 a prime number?
False
Is 124687697 a prime number?
True
Is 176253241 a prime number?
True
Is 2063552277 a prime number?
False
Is 392710033 composite?
False
Is 285782389 prime?
False
Is 2938397531 prime?
False
Is 58437507637 a prime number?
False
Is 7963256354 composite?
True
Is 6299419877 prime?
False
Is 15157192459 a prime number?
True
Is 4236795149 composite?
True
Is 57450089303 composite?
False
Is 372763247 a composite number?
True
Is 28038595847 composite?
False
Is 7311198997 prime?
True
Is 334800857 composite?
True
Is 11692001569 prime?
True
Is 2520285373 a prime number?
True
Is 3240059506 a composite number?
True
Is 19228091 prime?
False
Is 1953201811 a composite number?
True
Is 5018815651 prime?
False
Is 36600504379 composite?
False
Is 3175432607 composite?
False
Is 376967957 composite?
False
Is 505843967 composite?
False
Is 82596607271 composite?
True
Is 52074824647 a composite number?
False
Is 734744977 a prime number?
False
Is 13255473467 a prime number?
True
Is 4393588321 prime?
False
Is 204141599 a composite number?
False
Is 4882876721 composite?
False
Is 2038667563 composite?
False
Is 60266244733 composite?
False
Is 15453960959 prime?
False
Is 5606131291 prime?
True
Is 10468608067 prime?
True
Is 42281310063 prime?
False
Is 48833363 prime?
False
Is 6784906679 prime?
True
Is 5060305277 a composite number?
False
Is 5477280247 a composite number?
True
Is 7528795829 a composite number?
True
Is 3373202251 composite?
True
Is 55780657043 composite?
False
Is 2472107401 a composite number?
True
Is 580719493 a composite number?
False
Is 2678383627 prime?
True
Is 12301513441 a prime number?
False
Is 21179797 a composite number?
True
Is 1056138943 prime?
True
Is 3102772147 a composite number?
True
Is 115383991 prime?
False
Is 8097608843 a composite number?
False
Is 283662573 composite?
True
Is 34652994527 a prime number?
True
Is 3186685091 a prime number?
True
Is 12300112307 prime?
False
Is 9975283567 prime?
False
Is 316530683305 prime?
False
Is 36503648677 composite?
True
Is 71543189353 prime?
True
Is 384194413 prime?
False
Is 3481459049 a composite number?
False
Is 16713276871 prime?
True
Is 21721578451 a composite number?
True
Is 20761854209 a composite number?
True
Is 1396167967 composite?
True
Is 712692671 a prime number?
False
Is 58082713 a composite number?
True
Is 246768317 a prime number?
False
Is 2119643009 prime?
False
Is 19628071 a prime number?
True
Is 16325768101 a prime number?
False
Is 44033770453 prime?
False
Is 8265216367 composite?
True
Is 1341886283 a composite number?
False
Is 16439261161 a composite number?
False
Is 49101169 prime?
False
Is 15159143 a composite number?
False
Is 733146241 prime?
True
Is 7223434871 prime?
True
Is 738263951 a composite number?
False
Is 2071512983 a composite number?
False
Is 100072694 composite?
True
Is 10921997 a prime number?
True
Is 11339009597 a composite number?
True
Is 5142430099 composite?
True
Is 429499453 a prime number?
True
Is 908176081 a prime number?
False
Is 2602351441 a composite number?
False
Is 41794750947 a prime number?
False
Is 13210391602 composite?
True
Is 4662157961 a composite number?
True
Is 4938842863 a composite number?
False
Is 24775765043 prime?
True
Is 1872853027 prime?
True
Is 687170801 a prime number?
False
Is 17483477449 a composite number?
True
Is 69236188969 composite?
False
Is 3029867843 prime?
True
Is 1922071 a composite number?
True
Is 6300835837 composite?
False
Is 2922302171 prime?
False
Is 618546847 a composite number?
False
Is 53953721081 a prime number?
False
Is 762277423 a composite number?
False
Is 10401646589 composite?
False
Is 32087265433 prime?
True
Is 73931737207 composite?
True
Is 6885028723 composite?
False
Is 187327210123 prime?
False
Is 105914520499 a composite number?
True
Is 44304437 composite?
False
Is 21578207659 prime?
False
Is 69796007327 composite?
True
Is 2338990723 a composite number?
False
Is 609798083 a composite number?
False
Is 1162957699 a composite number?
True
Is 47972057197 prime?
True
Is 55495810669 a composite number?
True
Is 92218573 prime?
True
Is 1240593883 a prime number?
False
Is 422618971 a prime number?
False
Is 15494192057 composite?
True
Is 608152061 a prime number?
False
Is 1005014029 prime?
True
Is 10189386923 prime?
True
Is 2192861051 prime?
True
Is 2990117147 composite?
False
Is 10803349001 composite?
False
Is 23707415 a prime number?
False
Is 219890329 a composite number?
False
Is 18542358409 composite?
True
Is 263486227 prime?
True
Is 1236075887 a prime number?
False
Is 476787679 a prime number?
True
Is 11983972717 composite?
False
Is 220372111 a prime number?
False
Is 65541335051 a composite number?
True
Is 1802449433 a prime number?
False
Is 38705927701 prime?
False
Is 957758899 a prime number?
True
Is 1208504093 a prime number?
False
Is 12346256701 a prime number?
True
Is 1316830771 a composite number?
False
Is 593700433 prime?
False
Is 356959523 prime?
False
Is 556018494305 a prime number?
False
Is 460200563 composite?
True
Is 53706619 a composite number?
False
Is 3800062159 a composite number?
False
Is 23269718689 a composite number?
True
Is 2467581043 prime?
True
Is 54263471 prime?
True
Is 277086311 a prime number?
False
Is 117369624221 a prime number?
True
Is 46071949969 a prime number?
False
Is 7494598681 a prime number?
False
Is 121863057007 prime?
True
Is 2122875253 composite?
False
Is 224665877 a prime number?
False
Is 35728780961 composite?
False
Is 8063375455 composite?
True
Is 553482689 composite?
False
Is 1448054813 a prime number?
True
Is 14012639783 prime?
False
Is 48028468649 prime?
False
Is 5083358747 a prime number?
False
Is 20913060557 a composite number?
False
Is 4021453223 a prime number?
True
Is 17755519127 a prime number?
True
Is 577345981 composite?
True
Is 591437137 prime?
False
Is 3812864443 prime?
False
Is 500042395 prime?
False
Is 50872243 a prime number?
False
Is 4142555881 composite?
True
Is 10469702599 composite?
True
Is 25912119133 prime?
True
Is 2340935197 composite?
False
Is 55281529 a prime number?
False
Is 92115949447 a prime number?
True
I